-7). What are the prime factors of k/20 + (-4)/10?
3
Let z = 16 + 128. Let r = 215 - z. What are the prime factors of r?
71
Let i(j) = -350*j - 12. What are the prime factors of i(-1)?
2, 13
Let m(v) = -v**3 - 3*v**2 - 2*v + 2. Suppose 0 = -f - f - 2*p - 10, f - 4*p - 10 = 0. Let z be m(f). Suppose z*r + 3 = 83. What are the prime factors of r?
2, 5
Suppose 0 = w - 2*q - 11, q - 3*q + 6 = 0. Let g(k) = -k**3 + 17*k**2 + 7*k - 9. What are the prime factors of g(w)?
2, 5, 11
Let u be (-2)/7 + (-6)/(-21). Suppose -k + 6 = -u*k. What are the prime factors of (-174)/(-15) + k/(-10)?
11
Let h(z) = -8*z - 3. Suppose 18 = 4*i + 50. Let p(t) = t**3 + 9*t**2 + 8*t - 1. Let q be p(i). What are the prime factors of h(q)?
5
Let m(b) = 5*b**2 + 22*b + 53. List the prime factors of m(-13).
2, 3, 17
Suppose -551 + 2529 = j + 4*a, j + 2*a = 1980. List the prime factors of j.
2, 991
Let l(q) = 23*q**2 + 2*q. Let w(t) = -24*t**2 - 3*t. Let p(k) = 5*l(k) + 4*w(k). Let g be p(-2). Suppose g = 3*v + v. List the prime factors of v.
2, 5
Suppose 5*t - 55 + 330 = 0. Let g = t - 2. Let v = g + 101. List the prime factors of v.
2, 11
Suppose 4*s - 5*b = 45, s + b - 4*b - 20 = 0. Suppose 0 = 5*z + 10 - s, 2*z = -4*g + 26. What are the prime factors of g?
7
Suppose 2*f = -3*w - 221, 2*f = 5*w + 109 + 270. Let n = -21 - w. What are the prime factors of (306/n)/((-1)/(-3))?
17
Suppose -8 + 20 = 3*f. Suppose -f*h = -2*h + 2*p - 170, -2*p + 256 = 3*h. List the prime factors of h.
2, 43
Suppose 6 = 8*u - 5*u. Let d = 178 - u. List the prime factors of d.
2, 11
Let q(h) = -h**3 - 4*h**2 + h + 3. Let r be q(-4). Let z be (-6)/2 - (r - -31). Let i = z + 59. List the prime factors of i.
2, 13
Suppose 0*s = -s - 2*u + 5, -20 = 4*u. Suppose -r + 4*p = s, -r + 40 = 2*r + 5*p. Suppose -4 = 2*d, -a + r*a - 3*d = 70. List the prime factors of a.
2
List the prime factors of ((-30)/(-25))/(24/2340).
3, 13
What are the prime factors of 2 + (-8)/6*71700/(-40)?
2, 13, 23
Let o(m) = m**3 - m + 2. Let t be o(1). Suppose -20 + 2 = -t*l. Suppose -z - 4*z + 36 = -2*y, -l = 3*y. List the prime factors of z.
2, 3
Let x(p) = -58*p - 296. What are the prime factors of x(-25)?
2, 577
Suppose 12*g - 9*g = 6. Suppose -14 + g = -3*y. Suppose 3*i = -y*t + 171, 3*t = i - 3*i + 129. What are the prime factors of t?
3, 5
Suppose -b + 234 = -349. List the prime factors of b.
11, 53
Let u be 113/(-3)*(-4 + -2). Suppose 5*a + 124 + u = 0. List the prime factors of ((-120)/(-42))/((-4)/a).
2, 5
Suppose 2*t - k - 115 = 0, -t + 4*k + 66 - 19 = 0. List the prime factors of t.
59
Let t = -10 + 28. Suppose 5*s - t - 17 = 0. Suppose -5*y + 27 = -3*f, y + s + 6 = -4*f. What are the prime factors of y?
3
Suppose -3*v - 5 = 2*x, -6 = x + 5*v + 14. Let w(p) = -p**3 - 2 - 4*p**2 + 2*p**3 + 6 + 2*p. List the prime factors of w(x).
3, 13
Suppose 42211 = 14*a + 4775. List the prime factors of a.
2, 7, 191
Let r(j) = 14*j - 9. Let k be r(5). Suppose k + 19 = 5*f + 3*p, -3*p = 15. Suppose 2 = 2*b + 3*n - 36, -b + f = 5*n. What are the prime factors of b?
19
Let q = -51 + 86. Let i = 146 - 137. Let f = i + q. List the prime factors of f.
2, 11
Suppose 14874 = 3*b + 19*a - 16*a, 9937 = 2*b - 5*a. List the prime factors of b.
11, 41
Let c be (-12)/(-54) + (-40)/18. Let d = 5 + c. Let u = 28 + d. What are the prime factors of u?
31
Let i be (-1432)/(-5) + (-2)/5. Suppose 3*z + 2*y - i = 0, 6*y = 4*z + y - 366. List the prime factors of z.
2, 47
Let q(m) = -263*m - 358. What are the prime factors of q(-7)?
1483
Let k = -6 + 12. Suppose -3*w = d + 1, k*w - 3*w = 3*d - 33. Let y = d - 5. List the prime factors of y.
3
Let r be ((-140)/(-3))/(-4 + 86/21). Suppose 5*u - 614 = p + 3*p, 0 = 4*u - 2*p - r. What are the prime factors of u?
2, 61
Let q be 308/26 + 4/26. Suppose -5*h + 2*h + 20 = -2*z, -5*h - 2*z + q = 0. Suppose 0 = -4*i - h*u + 76, -3*i = 2*i - u - 83. What are the prime factors of i?
17
Let z(y) = -y + 4. Let m be z(4). Suppose 3*w - 214 - 47 = m. List the prime factors of w.
3, 29
Let v be (-2 - (-11 + -3))*2. Suppose -3*m = 3*x + v, m = -0*m - 2*x - 12. Let b(k) = k**3 + 4*k**2 - 4*k + 4. What are the prime factors of b(m)?
2, 5
Let l = -86 - -202. Suppose -3*v - 309 = -5*b, 2*b = 4*v + v + l. What are the prime factors of b?
3, 7
Let l = 34 - 34. Suppose l = -0*t - t + 57. List the prime factors of t.
3, 19
Suppose -172 = 3*u - 4*o, 0*u + 5*u - 4*o + 276 = 0. Let m = u - -31. Let p = m - -48. What are the prime factors of p?
3
Let f = 1186 - 614. What are the prime factors of f?
2, 11, 13
Let l(v) be the second derivative of v**5/20 + 5*v**4/12 - 3*v**3/2 - 3*v**2 + 30*v. List the prime factors of l(-6).
2, 3
Suppose -j = -41 - 11. Let a = -33 + j. List the prime factors of a.
19
Suppose -4 = -5*s + 11. Suppose 0 = s*m - 12 + 3. Suppose 2*t + 3*o - 27 = 0, m*t - 2*t = -3*o + 9. List the prime factors of t.
2, 3
Let s(v) be the second derivative of 2*v**3/3 - 3*v**2 - 9*v. What are the prime factors of s(10)?
2, 17
Suppose 0 = 7*b - 27*b + 6800. What are the prime factors of b?
2, 5, 17
Let b be (-21)/(-4) - (-7)/(-28). Let w = b - 3. Suppose 0 = -g - 2*g - w*c + 47, 4*g - 51 = -5*c. What are the prime factors of g?
19
Let c(o) = -o**3 - 6*o**2 - 2*o + 17. Let s be c(-5). Suppose -s*r + 118 = 4*f, r = -4*r + 25. What are the prime factors of f?
3
Suppose -4*n = -8*n + 8. Suppose -2*b - 31 = -n*f + 3*b, -115 = -5*f + 5*b. Suppose -k = -44 - f. What are the prime factors of k?
2, 3
Let m = 20 - 3. Suppose 0 = -m*l + 21*l - 72. What are the prime factors of l?
2, 3
Let f be ((-6)/8)/(2/8). Let r(j) = -9*j**3 - 2*j**2 + 1. Let g be r(-1). List the prime factors of (-20 + g)/(2/f).
2, 3
Let k(f) be the first derivative of -f**4/4 - 4*f**3 + 7*f - 5. Let i be k(-12). Suppose -5*c - 6*v = -2*v - 7, c - 2*v = i. What are the prime factors of c?
3
Let v(c) = 2*c**3 + 17*c**2 - 14*c + 9. Let b(n) = -n**3 - 9*n**2 + 7*n - 4. Let z(t) = 5*b(t) + 3*v(t). Let j = 0 - 6. What are the prime factors of z(j)?
7
Suppose -12*c + 21269 = -42187. What are the prime factors of c?
2, 661
Suppose 4*t - j + 6 = -14, 0 = 5*t - j + 26. Let w be t/1*14/(-21). Let u = w - -3. What are the prime factors of u?
7
Let u = -8 + 22. What are the prime factors of 3980/u + (-40)/140?
2, 71
Let i = -21 - -25. Suppose 273 = -d + i*d. What are the prime factors of d?
7, 13
Suppose 4*x + 22 = a, 2*a + 9*x = 4*x - 8. List the prime factors of -4 + (a - 2) + 40.
2, 5
Let k be (-60)/(-18)*(-264)/(-10) - -1. Suppose f = u - k, -f - 109 = -u + 4*f. List the prime factors of u.
2, 3, 7
Let y(i) = 13*i**2 + 13*i + 8. Let p be y(-10). Suppose 6*f - p = 100. What are the prime factors of f?
3, 71
Suppose -5*o + 3*i = 1, -3*o - i = o - 6. List the prime factors of (57 - (7 - 6))*(1 + o).
2, 7
Let s = 569 - -158. What are the prime factors of s?
727
Suppose 107*z - b = 103*z + 1787, z + b = 453. List the prime factors of z.
2, 7
Let y(c) = -c**3 - 6*c**2 + 6*c + 2. Let a be y(-8). Suppose -b + a = -4*n, -2*b + 168 = -n - 3*n. List the prime factors of b.
2, 43
Let f = 60 + 229. What are the prime factors of f?
17
Let j be 41 + (0 - (-2)/1). Let t = j - 60. Let q = 26 + t. List the prime factors of q.
3
Let s(v) = 3*v**2 + 2*v. Let r be s(-1). What are the prime factors of (30/(-6))/(r/(-35))?
5, 7
Suppose -2751 = 8*t - 10175. List the prime factors of t.
2, 29
Let t = 1224 - -465. What are the prime factors of t?
3, 563
Let c = -42 + 50. Suppose 95 = -c*a + 9*a. What are the prime factors of a?
5, 19
Suppose 3*c = -2*m + 25, 2*m - 3 = c - 3*m. Let w(a) = -c*a**2 - 17 - 6 - 2*a - a**3 + 13. What are the prime factors of w(-7)?
2
Let r(n) = n**3 - 4*n**2 + 2*n - 3. Let u be r(3). Let i(m) = -7*m. Let h(v) = 22*v + 2. Let b(p) = 3*h(p) + 10*i(p). List the prime factors of b(u).
2, 3, 5
Suppose 2*a - 3*a = 2. Let r(m) be the first derivative of -7*m**2/2 + 2*m + 51. List the prime factors of r(a).
2
Let d(m) = -5*m**2 + 2*m - 4. Let k be d(3). Let x = k + 75. List the prime factors of x.
2
Let i(r) = -2*r - 11. Let f be i(-9). Let d = f - 4. List the prime factors of (-1 - d)/(16/(-88)).
2, 11
Suppose j + 4482 = 3*l + 5*j, 5*j = 2*l - 2988. List the prime factors of l.
2, 3, 83
Let d be ((-1)/(-3))/(2/(-18)*1). What are the prime factors of (-31)/(d - (-156)/54)?
3, 31
Le